at are the prime factors of o?
3, 11, 163
Let f = -503 + 4624. List the prime factors of f.
13, 317
Let w = 23 + 77. List the prime factors of -150*(w/(-45) + (-10)/(-45)).
2, 3, 5
Let z = 1878 + 98. Let v = z + -1156. List the prime factors of v.
2, 5, 41
Let s(u) = -1136*u + 1647. What are the prime factors of s(-5)?
17, 431
Let u(m) be the second derivative of m**6/90 - m**5/10 - 4*m**4/3 + 30*m. Let w(x) be the third derivative of u(x). List the prime factors of w(4).
2, 5
Suppose -132*o = 27*o - 105258. What are the prime factors of o?
2, 331
Let k(r) be the third derivative of r**6/120 - 11*r**5/30 - r**4/4 + 7*r**3/3 + 2*r**2 - 86*r. What are the prime factors of k(23)?
3, 5
Let k be 19/38 - (-4582)/4. Suppose 0*q + 2*q = k. List the prime factors of q.
3, 191
Suppose -11*b + 4*m = -9*b - 17628, 5*m + 20 = 0. What are the prime factors of b?
2, 7, 17, 37
Let t = 30536 + -6042. List the prime factors of t.
2, 37, 331
Let a = 34 + -78. Let b = a - -44. Suppose m + 350 = 4*f, -m + 259 = 3*f - b*m. What are the prime factors of f?
3, 29
Suppose -5*c - 4*j + 1447 = -3383, c = -3*j + 955. Let r = -584 + c. What are the prime factors of r?
2, 193
Suppose -3*u - 99 + 16 = f, -4*u = 3*f + 229. Let b = 68 + f. List the prime factors of 78 + b/3 - 4.
73
List the prime factors of -1 + (-217428)/(-14) + ((-416)/(-91))/(-8).
53, 293
Suppose 56911 = 3*b + 2*h, -h - 79355 + 22468 = -3*b. What are the prime factors of b?
5, 3793
Suppose 5*w - 150881 = 2*a, -a + 0*a = 5*w - 150872. List the prime factors of w.
5, 17, 71
Suppose o + 7 + 8 = 4*f, 0 = 5*o + f - 9. List the prime factors of (-34)/(-51)*(o - -254).
2, 5, 17
Let j = -143206 + 230087. List the prime factors of j.
283, 307
List the prime factors of 99556/6 - -26*(-50)/(-975).
2, 8297
Let s(q) = -3*q**3 - 9*q**2 - 8*q + 2. Let m be s(-3). Let h = 35 + -25. What are the prime factors of h/(-20) - m/(-4)?
2, 3
Suppose 0 = t + 2*t - 12. Suppose c + 229 = y - t*c, 868 = 4*y - 4*c. Suppose -3*p + 15 = 0, -5*u = -2*p - 206 - y. List the prime factors of u.
2, 43
Suppose -222*n = 34*n - 8040960. What are the prime factors of n?
2, 3, 5, 349
Let r = 35144 + -20413. List the prime factors of r.
14731
Suppose -3*y + 66169 = -2*k + 205930, -2*y = 2*k - 139806. What are the prime factors of k?
2, 3, 11, 353
Suppose 2*c + n - 3844 - 15425 = 0, -3*n + 28899 = 3*c. List the prime factors of c.
2, 3, 11, 73
Let j(q) be the second derivative of q**5/5 - 3*q**4/4 + 8*q**3/3 - q**2 + 34*q. What are the prime factors of j(5)?
353
Let u = -20049 + 31301. List the prime factors of u.
2, 29, 97
Suppose -13*o = -11040 - 39816. Suppose -5*f - 1986 = -2*a - 0*f, 4*a + 5*f - o = 0. What are the prime factors of a?
983
Let u(q) = -102*q**3 - 8*q**2 - 29*q - 25. What are the prime factors of u(-2)?
19, 43
Let l be (-40)/20*10/(-4). Suppose -2144 = -l*m + 4*g, 2*g - 5*g - 1284 = -3*m. What are the prime factors of m?
2, 3
Suppose 6*p + 32 = 22*p. Suppose 1985 = 3*d + 2*q, 4*q - 880 = -p*d + 438. What are the prime factors of d?
3, 13, 17
Suppose -5*o = 2*o - 7. Let b(p) be the first derivative of 52*p**3 + p**2/2 - 2*p - 133. List the prime factors of b(o).
5, 31
Let h(r) be the third derivative of r**8/5040 - r**7/1260 + 2*r**5/5 + 27*r**2. Let a(b) be the third derivative of h(b). What are the prime factors of a(2)?
2
What are the prime factors of 10513/1 - -91*(-13)/(-91)?
2, 19, 277
Let k(f) = 124*f**2 + 55*f - 261. List the prime factors of k(6).
3, 1511
Suppose -8*i + 11398 = 35894. Let o = -2065 - i. List the prime factors of o.
997
What are the prime factors of (-4)/5*(-96383865)/1766?
2, 3, 19, 383
Let p(i) = -82*i**3 + i**2 - i - 1. Suppose -r + 24 = 4*a - 17, -205 = -5*r - a. Let y = r + -42. List the prime factors of p(y).
83
Suppose -9*o - 23255 = -3*i + 16864, 0 = 4*i + 2*o - 53576. List the prime factors of i.
7, 1913
Suppose -6634 + 20522 = 7*p. Suppose -610 = 6*m - p. What are the prime factors of m?
229
Suppose -32*g + 33*g - 6 = 0. Suppose g = 6*v - 5*v. Suppose -53 = v*f - 7*f. List the prime factors of f.
53
What are the prime factors of (-15150)/135*(-3)/(-2)*-75?
5, 101
Let l = 45396 - 25386. List the prime factors of l.
2, 3, 5, 23, 29
Let h = 353 + 83. Suppose -24*y = -28*y + h. What are the prime factors of y?
109
Let a = -524 + 522. What are the prime factors of 266 + 10 + a - 7?
3, 89
Let z(m) = 6*m**2 + 46*m - 413. List the prime factors of z(-55).
3, 37, 137
Suppose -14*y + 2018233 - 266893 = 37*y. List the prime factors of y.
2, 5, 17, 101
Suppose 5*x - 30 = s, 18 = 2*x + 2*s + 6. Suppose -p - 3*k + x = -4, p = k + 6. Let q(b) = -b + 92. List the prime factors of q(p).
5, 17
Suppose -9*x + 1188 = -1953. Suppose x - 1665 = 4*l. Let n = l - -478. List the prime factors of n.
149
Let u = 33 - 27. Suppose 2*p = -8 - 2, -2*j + 705 = -3*p. Suppose s + j = u*s. List the prime factors of s.
3, 23
Let d = 15 + -10. Suppose -d*h + 0*h = -4*t - 435, -2*h - 2*t + 174 = 0. Let g = h + -25. What are the prime factors of g?
2, 31
List the prime factors of 4 + -1 + (5133 + -12)*(-17)/(-3).
2, 3, 7, 691
Suppose 0 = 5*a - 86 + 1. Suppose -55418 = -a*s - 21095. What are the prime factors of s?
3, 673
Let f(a) = -173*a + 8*a + 8 + 13 - 6. What are the prime factors of f(-5)?
2, 3, 5, 7
Suppose -42 = 17*c - 25. Let k(q) = -567*q - 2. List the prime factors of k(c).
5, 113
Let s(r) = -7*r - 24. Let z(u) = u + 1. Let i(q) = -s(q) - 4*z(q). Let a be i(-8). List the prime factors of 27 - 0 - a/4.
2, 7
Let v(f) = -17*f**3 - 5*f**2 + 40*f - 3. Let m be v(5). Let u = m - -2970. What are the prime factors of u?
7, 131
Suppose -3033 = 4*x - 3*k - 15961, 5*x - 16160 = -k. What are the prime factors of x?
2, 101
Let c be (-630)/175 + 2/(-5). What are the prime factors of (-2)/8 + (-657)/c + -5?
3, 53
Let f = 1054 - -30463. What are the prime factors of f?
31517
Let i(t) = -t**2 + 26*t + 30. Let f(v) = -2*v**2 + 50*v + 59. Let h(r) = -6*f(r) + 11*i(r). What are the prime factors of h(-19)?
3, 67
Suppose 0 = -7732*p + 7821*p - 3566853. What are the prime factors of p?
3, 61, 73
Let q(k) be the second derivative of -k**5/20 + 3*k**4/2 + 8*k**3/3 + 3*k**2 - 11*k. Let w be q(19). Let v = w - -143. List the prime factors of v.
2, 23
Let i(p) = -30680*p**3 + 92*p**2 + 91*p. What are the prime factors of i(-1)?
3, 7, 487
Suppose -6 = 3*k, 0 = -i - 23*k + 26*k + 4675. What are the prime factors of i?
7, 23, 29
Let y = -83 + 1. Let k(j) = 23*j - 13. Let q be k(-5). Let o = y - q. What are the prime factors of o?
2, 23
Suppose -4*q - 128*v = -129*v - 96178, -4*q + 96154 = 3*v. What are the prime factors of q?
24043
Let d = 1413 + 936. What are the prime factors of d?
3, 29
Let f(o) = 65*o**2 + 83*o + 8. What are the prime factors of f(10)?
2, 3, 1223
Suppose 0 = -4*t - 3*l + 14872, -5*t + 18625 = -246*l + 241*l. List the prime factors of t.
61
Let z be 6/9 + 27150/18. Let v = 2633 - z. List the prime factors of v.
2, 281
Suppose -u = -2*l - 3*u + 14, -l + 2*u - 2 = 0. Suppose -1 = -l*m + 3. List the prime factors of (m - 4)/3 - -107.
2, 53
List the prime factors of 13892276/1044 + 2/9.
7, 1901
Let u(a) = 123*a**2 - 2*a - 17. Let x be u(9). Suppose 4*k + 13*k - x = 0. What are the prime factors of k?
2, 73
Suppose 0 = 11*j - 67 + 23. Suppose 0 = -2*s + 2*q + j - 2, 2*q + 11 = 5*s. Suppose -s*d + 279 - 3 = 0. List the prime factors of d.
2, 23
Suppose 3*g - 4*g = 3. Let h be 2/g + (-8)/(-12). Suppose -5*f + 2*k + 285 = -h*f, 4*f + 5*k = 195. What are the prime factors of f?
5, 11
Let n = 43 - 39. Suppose 4*i + 365 + 376 = -3*m, i = -n*m - 182. List the prime factors of (0 + -1)*i/6.
31
Let c = 163 + -164. Let h(p) = -923*p**3 - 4*p**2 - p - 1. List the prime factors of h(c).
919
What are the prime factors of (-22398301)/(-327) + ((-1)/(-15) - 24/60)?
2, 3, 1427
Let c be 2573/5 - (-88)/220. Let y = c + -344. List the prime factors of y.
3, 19
Let x = -5938 - -12597. What are the prime factors of x?
6659
Let y = 306 + -514. Let x = 343 - y. What are the prime factors of x?
19, 29
Let a(g) = 30*g**3 - 6*g**2 + 6*g. Let v be a(7). Suppose -266 - v = -16*l. What are the prime factors of l?
2, 7, 23
Let s = 21 + -23. Let z(q) = 27*q**2 + q - 1. Let w be z(s). Suppose 103 + w = 2*k. List the prime factors of k.
2, 13
What are the prime facto